{"id":579,"date":"2019-02-08T05:48:06","date_gmt":"2019-02-08T03:48:06","guid":{"rendered":"https:\/\/acru.ukzn.ac.za\/~cosmosafari2019\/?page_id=576"},"modified":"2021-08-23T14:20:21","modified_gmt":"2021-08-23T12:20:21","slug":"participants","status":"publish","type":"page","link":"https:\/\/astro.ukzn.ac.za\/~gravitex2021\/participants\/","title":{"rendered":"Participants"},"content":{"rendered":"<p>As at 14h00 9 August 2021 SAST (Alphabetical order of first names)<\/p>\n<p>Adhir Maharaj<br \/>\nAdrian, Ka-Wai Chung<br \/>\nAhmad Borzou<br \/>\nAJITH SAMPATH<br \/>\nAlan Coley<br \/>\nAlberto Mathias<br \/>\nAleksei Nikolaev<\/p>\n<p>Alexei Starobinsky<br \/>\nAli Ovgun<br \/>\nAmanda Weltman<br \/>\nAmare Abebe<br \/>\nAmarkumar Agrawal<br \/>\nAnand Kaisavelu<br \/>\nAngelique Cooke<br \/>\nANIRBAN CHANDA<br \/>\nAnthony Walters<br \/>\nAreeba Merriam<br \/>\nAroonkumar Beesham<br \/>\nAvik De<br \/>\nAYAN BANERJEE<br \/>\nAyanda Kunyana<br \/>\nBusra Cicek<br \/>\nBenedict Cumberbatch<br \/>\nBertha Cuadros-Melgar<br \/>\nBHAGWAT THAKRAN<br \/>\nBhupendra Kumar Shukla<br \/>\nBikash Chandra Paul<br \/>\nBinaya Bishi<br \/>\nBivudutta Mishra<br \/>\nBrandon Bisschoff<br \/>\nBrian Chilambwe<br \/>\nBrian Bichang&#8217;a<br \/>\nByron Brassel<br \/>\nCec\u00c3\u00adlia Nagy<br \/>\nchandan g n<br \/>\nChandra Prakash Singh<br \/>\nCharles Takalana<br \/>\nCheng Cheng<br \/>\nChevarra Hansraj<br \/>\nChithra Piyadasa<br \/>\nChitraleka Balasubramaniam<br \/>\nChristian Boehmer<br \/>\nClaudia de Rham<br \/>\nDamien Ragavan<br \/>\nDaniel Krupanandan<br \/>\nDaniel Cwele<br \/>\nDavid McNutt<br \/>\nDe\u00c4\u0178er SOFUO\u00c4\u017eLU<br \/>\nDenisha Pillay<br \/>\nDharmanand Baboolal<br \/>\nDmitry Bushuev<br \/>\nDmitry Galtsov<br \/>\nDurmu\u00c5\u0178 Demir<br \/>\nElham Nazari<br \/>\nElham Ghorani<br \/>\nErik Jensko<br \/>\nFakhereh MD Esmaeili<br \/>\nFrancisco Lobo<br \/>\nFurkan Biber<br \/>\nGabriel W. Josepj<br \/>\nGareth Amery<br \/>\nGaurav Gadbail<br \/>\nGOPIKANT GOSWAMI<br \/>\nGrigorios Panotopoulos<br \/>\nGuo-Jian Wang<br \/>\nHemantakumar Phurailatpam<br \/>\nHemza Azri<br \/>\nHideki Maeda<br \/>\nHrishikesh M Namboothiripad<br \/>\nIgor Mol<br \/>\nJavad Taghizadeh Firouzjaee<br \/>\nJAYESH JAIN<br \/>\nJefta Sunzu<br \/>\nJo\u00c3\u00a3o Rosa<br \/>\nJONAS JAPE<br \/>\nJos\u00c3\u00a9 M M Senovilla<br \/>\nJusto Hern\u00c3\u00a1n Ospino Z\u00c3\u00ba\u00c3\u00b1iga<br \/>\nKanak Sharma<br \/>\nKANDREGULA NIHARIKA<br \/>\nKathleen Sellick<br \/>\nKavilan Moodley<br \/>\nKeegan Trehaeven<br \/>\nKesh Govinder<br \/>\nL\u00c3\u00a1szl\u00c3\u00b3 Gergely<br \/>\nLakhan Jaybhaye<br \/>\nLAXMIPRIYA PATI<br \/>\nLeandro Fontes<br \/>\nLhakpa Chewang Sherpa<br \/>\nLiantsoa Finaritra Randrianjanahary<br \/>\nLindani Mbanjwa<br \/>\nLokesh kumar Duchaniya<br \/>\nLouis Perenon<br \/>\nLuis Herrera<br \/>\nLushen Moodly<br \/>\nMaciej Soltynski<br \/>\nMaciej Soltynski<br \/>\nMartin Bucher<br \/>\nMathew Aibinu<br \/>\nMaurine Songa<br \/>\nMegandhren Govender<br \/>\nMelokuhle Ntuthuko Madide<br \/>\nMfanafuthi Msweli<br \/>\nMikhail Khlopunov<br \/>\nMISBA AFRIN<br \/>\nMorteza Khamedi<br \/>\nMponeng Kopana<br \/>\nMrunali Gaijan<br \/>\nMuhammad Usman<br \/>\nMuhammad Sharif<br \/>\nMuhammad Ayaz<br \/>\nMuhammad Asim Farooq<br \/>\nMuhammad Zubair ali Moughal<br \/>\nMurli Manohar Verma<br \/>\nMuskan Khaneja<br \/>\nNarayan Banerjee<br \/>\nNarenee Mewalal<br \/>\nNathan Moynihan<br \/>\nNikita Gill<br \/>\nNikodem Poplawski<br \/>\nNjabulo Mkhize<br \/>\nNoeleen Naidoo<br \/>\nNomfundo Gabuza<br \/>\nPACKIARAJ G<br \/>\nPANAGIOTIS MAVROGIANNIS<br \/>\nPankaj Kumar<br \/>\nPaolo Cremonese<br \/>\nParbati Sahoo<br \/>\nPengyuan Gao<br \/>\nPradyumn Sahoo<br \/>\nPrateek Sharma<br \/>\nPratik Premadarshi Ray<br \/>\nPraveen Kumar Dhankar<br \/>\nPurba Mukherjee<br \/>\nRahul Kumar<br \/>\nRahul Shah<br \/>\nRahul Kothari<br \/>\nRaja Solanki<br \/>\nRAJESH KUMAR DUBEY<br \/>\nRANJAN SHARMA<br \/>\nRashida Bibi<br \/>\nReza Saffari<br \/>\nRISHI KUMAR TIWARI<br \/>\nRituparno Goswami<br \/>\nRobert Bogadi<br \/>\nRobert Kniskern<br \/>\nRoger Mayala<br \/>\nRogerio Cavalcanti<br \/>\nRonaldo Lobato<br \/>\nRong-Gen Cai<br \/>\nRoy Maartens<br \/>\nSaboura sadat Zamani<br \/>\nSafiqul Islam<br \/>\nSagar Dey<br \/>\nSaikat Chakraborty<br \/>\nSakhile Ndebele<br \/>\nSalvatore Capozziello<br \/>\nSameerah Jamal<br \/>\nSamson Ogagaoghene Ojako<br \/>\nSamuel Barroso Bellido<br \/>\nSanjana Karkera<br \/>\nSanjay Mandal<br \/>\nSanjeev Dhurandhar<br \/>\nSantosh Lohakare<br \/>\nSarita Maurya<br \/>\nsathvik lakkaraju<br \/>\nSayan Kar<br \/>\nSebasti\u00c3\u00a1n N\u00c3\u00a1jera Valencia<br \/>\nSelvan Moopanar<br \/>\nSergey Chervon<br \/>\nShafqat Ul Islam<br \/>\nShavani Naicker<br \/>\nSHIBESH KUMAR JAS PACIF<br \/>\nSHOBHIT GIRI<br \/>\nShruti Bhatporia<br \/>\nShubham ILHE<br \/>\nSHUBHAM KALA<br \/>\nSiddheshwar Kadam<br \/>\nSifiso Ngubelanga<br \/>\nSimphiwe Mathenjwa<br \/>\nSimran Arora<br \/>\nSinah Manaka<br \/>\nSindhu Gaddam<br \/>\nSiwaphiwe Jokweni<br \/>\nSoukaina Zayat<br \/>\nSrija Chakraborty<br \/>\nSriKavya Kolli<br \/>\nSrivishnu S<br \/>\nSubharthi Ray<br \/>\nSulona Kandhai<br \/>\nSumarna Haroon<br \/>\nSunil Kumar Maurya<br \/>\nSushant Ghosh<br \/>\nSusmita Jana<br \/>\nSyed Naqvi<br \/>\nTashvir Sithapersad<br \/>\nTjonnie Li<br \/>\nTze Goh<br \/>\nUma Papnoi<br \/>\nVaibhav Garg<br \/>\nvenkata vasavi<br \/>\nVictor Alexander Torres Sanchez<br \/>\nVIJAY SINGH<br \/>\nVinutha Tummala<br \/>\nWarren Naidoo<br \/>\nWei-Ming Dai<br \/>\nWesley Govender<br \/>\nWoei Chet Lim<br \/>\nYagub Aliyev<br \/>\nYagub Aliyev<br \/>\nYasmine Mhirsi<br \/>\nYawar Hussain Khan<br \/>\nYin-Zhe Ma<br \/>\nYong Tang<br \/>\nYun-Long Zhang<br \/>\nYuqi Kang<br \/>\nZakaria BELKHADRIA<br \/>\nZheng Zhang<br \/>\nZinnat Hassan<br \/>\nZoltan Keresztes<\/p>\n<p>&nbsp;<\/p>\n","protected":false},"excerpt":{"rendered":"<p>As at 14h00 9 August 2021 SAST (Alphabetical order of first names) Adhir Maharaj Adrian, Ka-Wai Chung Ahmad Borzou AJITH SAMPATH Alan Coley Alberto Mathias Aleksei Nikolaev Alexei Starobinsky Ali Ovgun Amanda Weltman Amare Abebe Amarkumar Agrawal Anand Kaisavelu Angelique Cooke ANIRBAN CHANDA Anthony Walters Areeba Merriam Aroonkumar Beesham Avik De AYAN BANERJEE Ayanda Kunyana [&hellip;]<\/p>\n","protected":false},"author":1,"featured_media":0,"parent":0,"menu_order":0,"comment_status":"closed","ping_status":"closed","template":"","meta":[],"_links":{"self":[{"href":"https:\/\/astro.ukzn.ac.za\/~gravitex2021\/wp-json\/wp\/v2\/pages\/579"}],"collection":[{"href":"https:\/\/astro.ukzn.ac.za\/~gravitex2021\/wp-json\/wp\/v2\/pages"}],"about":[{"href":"https:\/\/astro.ukzn.ac.za\/~gravitex2021\/wp-json\/wp\/v2\/types\/page"}],"author":[{"embeddable":true,"href":"https:\/\/astro.ukzn.ac.za\/~gravitex2021\/wp-json\/wp\/v2\/users\/1"}],"replies":[{"embeddable":true,"href":"https:\/\/astro.ukzn.ac.za\/~gravitex2021\/wp-json\/wp\/v2\/comments?post=579"}],"version-history":[{"count":20,"href":"https:\/\/astro.ukzn.ac.za\/~gravitex2021\/wp-json\/wp\/v2\/pages\/579\/revisions"}],"predecessor-version":[{"id":1388,"href":"https:\/\/astro.ukzn.ac.za\/~gravitex2021\/wp-json\/wp\/v2\/pages\/579\/revisions\/1388"}],"wp:attachment":[{"href":"https:\/\/astro.ukzn.ac.za\/~gravitex2021\/wp-json\/wp\/v2\/media?parent=579"}],"curies":[{"name":"wp","href":"https:\/\/api.w.org\/{rel}","templated":true}]}}